 35. Let c(b) = 3*b**2 - 16*b + 11. What are the prime factors of c(y)?
2, 23
Let n = 3777 + -2522. List the prime factors of n.
5, 251
Suppose -2*m + 7 + 3 = 0. Suppose 3*r = -4*f - 0*r + 18, f + r = m. Suppose 5*z + 5 = -5*q, -q - f*z + z = 6. What are the prime factors of q?
2
Let u = -373 - -1895. List the prime factors of u.
2, 761
Let d = 87 - 133. Let w = d - -48. What are the prime factors of w?
2
Suppose 0 = w + 107 - 407. Suppose -4*g - w = -8*g. Suppose -3*a = -3*c + 66, -5*c = -0*c + 2*a - g. What are the prime factors of c?
17
Let i = 643 - 120. Let y = -258 + i. List the prime factors of y.
5, 53
Suppose 2*i - 3*a - 1823 = 0, 0*i + 5*i = 4*a + 4575. What are the prime factors of i?
919
Let k = -127 + 121. What are the prime factors of ((-1)/(k/988))/((-16)/(-24))?
13, 19
Let j = 6327 - 1913. List the prime factors of j.
2, 2207
Let y(f) = 23*f - 180. What are the prime factors of y(24)?
2, 3, 31
Suppose 2*x - 490 = 4*h - 26, 2*x + 232 = -2*h. Let c = 199 + h. What are the prime factors of c?
83
Suppose 0 = -34*l - 20519 + 75599. List the prime factors of l.
2, 3, 5
Suppose 4 = -4*c + 5*r, -c + 2*r = -0*r + 1. List the prime factors of 0 - c - (-12 + -54).
67
Suppose -3*o + 2*q = 46, -5*o - 16 = 3*q + 29. Let d be o/(-8)*8/3. Let w = 9 - d. What are the prime factors of w?
5
Suppose r - 6*r = -435. Let p = -45 + r. What are the prime factors of p?
2, 3, 7
Suppose 0 = -5*z - 3*h - h - 174, 0 = -3*z - 2*h - 104. Let y(m) = 2*m - 7. Let p be y(6). Let b = p - z. List the prime factors of b.
3, 13
Let y = -319 - -456. Let s = 200 - y. List the prime factors of s.
3, 7
Suppose 25*o = 37*o - 144. Suppose -3*j = -3*x + 180, -3*j = -4*x + 4 + 237. Suppose 5 = -r, 2*v + r - o - x = 0. What are the prime factors of v?
3, 13
Let n(u) = u - 9. Let a be n(14). Suppose 3*m - w = 173, -61 = 2*m + a*w - 165. What are the prime factors of m?
3, 19
Suppose h = 3*g - 4237, -11*h + 1404 = g - 13*h. List the prime factors of g.
2, 7, 101
Suppose 0 = -14*r + 1410 + 1180. List the prime factors of r.
5, 37
Suppose -4*h + 1352 = -2*y, -532 = -4*h - 3*y + 800. List the prime factors of h.
2, 3, 7
Let l(t) be the first derivative of -43*t**4/2 + t**3/3 + 1. What are the prime factors of l(-1)?
3, 29
Let x(h) = -7*h. Let m be x(-3). Let c be (-73)/5 + 7/(-70)*4. Let w = c + m. What are the prime factors of w?
2, 3
Let s(z) = 6*z + 14. Suppose -u = 5*y + 8, -2*u + 5*y + 30 = 1. What are the prime factors of s(u)?
2, 7
Let l = -10 - -9. Let y = l + 5. What are the prime factors of y?
2
Let a = 138 - -96. List the prime factors of a.
2, 3, 13
Suppose -4*q = 3*v - 13, -2 = 6*q - 2*q - 2*v. Let p be ((-6)/12)/(q/(-10)). Let d = 3 + p. What are the prime factors of d?
2
Let f be 6 - (2 + 8) - (2 - 10). Let a(c) = c**2 - 7*c - 2. Let t be a(5). List the prime factors of ((-32)/6)/(f/t).
2
Let o be ((-4)/(-3))/((-1)/(-33)). Let m = o + -33. Suppose -m = -3*v + 148. List the prime factors of v.
53
Suppose -2*r - 2*r = 0. Suppose -g - 14 - 6 = r. List the prime factors of (-60)/(-8)*(-32)/g.
2, 3
Let w be (-16 + 1 + -1)*-27. Suppose -5*p + w = -2*p. Let h = -77 + p. What are the prime factors of h?
67
Suppose -2*x + 1 = l, -4*l - 2*x = l - 5. What are the prime factors of -2 - (-1 - -1) - (l + -120)?
3, 13
Suppose -7 = -z - 0*z + w, w + 3 = 0. List the prime factors of (6 + z)*(-27)/(-6).
3, 5
Suppose -18 = -20*t + 142. What are the prime factors of t?
2
Let y(m) = m**3 + 7*m**2 - 5*m - 5. Let k be y(4). Suppose k + 153 = 4*r. What are the prime factors of r?
2, 19
Let i = -119 + 263. Let h be (4/6)/(4/i). Suppose -b = -2*b + h. List the prime factors of b.
2, 3
What are the prime factors of (-14)/35 + -3 + 4134/10?
2, 5, 41
List the prime factors of 3*((-9016)/21)/(-8).
7, 23
Let w(j) = 6*j**2 - 113*j - 52. What are the prime factors of w(30)?
2, 11, 89
Let y = 1600 + -595. List the prime factors of y.
3, 5, 67
Suppose 0 = -7*w + 2*w + 95. Suppose -s = 2 - 16. Suppose s*d + 75 = w*d. What are the prime factors of d?
3, 5
Let v(o) = -85*o**3 + o**2 + 18*o + 32. List the prime factors of v(-2).
2, 5, 17
Let k = -202 - -495. What are the prime factors of k?
293
Suppose -2*g - 3*f = -2*f - 9, -5*g = 2*f - 20. List the prime factors of 1/3*g + 366/18.
3, 7
Suppose -4*h - 2*y + 4746 = 0, 3*h + 2*y - 3672 + 115 = 0. What are the prime factors of h?
29, 41
Let r be 6/((-12)/(-10))*8. Suppose c - 70 = -4*c. Suppose -t + c = -r. What are the prime factors of t?
2, 3
Let y be (-1 - -4)/(-1 + 2). Suppose y*o - 78 = -0*o. Let q = o + -19. List the prime factors of q.
7
Let r(c) = -c**2 + 3*c + 2. Let k be r(2). List the prime factors of (-2)/44*k - (-11160)/33.
2, 13
Suppose -10*o + 7037 = -21623. What are the prime factors of o?
2, 1433
Let p(h) = h**3 - 9*h**2 - 15*h - 6. List the prime factors of p(12).
2, 3, 41
Let f = 1004 + 1280. What are the prime factors of f?
2, 571
Let a(i) = i**2 - 7*i + 13. Let h(m) = m**3 + 8*m**2 + m + 6. Let q be h(-8). Let o(y) = -4*y - 2. Let t be o(q). List the prime factors of a(t).
7
Let w(r) = -14*r. Let h be -3 + 0*2/(-4). Let a be w(h). Suppose -7*g = -4*g - a. What are the prime factors of g?
2, 7
Let y = 37 - 33. Suppose -117 = -3*u - y*d + d, -2*u = -5*d - 50. List the prime factors of u.
5, 7
Let h be -2 + 48/27 + (-104)/18. Let u be (-2)/(-4) - (-35)/(-2). Let q = h - u. What are the prime factors of q?
11
Let t(j) = j - 6. Suppose -2*w = 4*l - 10, 5 = l - w + 1. Let a be t(l). What are the prime factors of 12*a*3/(-6)?
2, 3
List the prime factors of ((-3)/6 - -1)*3244/2.
811
Let n be 6/9 - 6/(-18). Let c be (n*2)/(5/290). Suppose -3*t + c = t. What are the prime factors of t?
29
Suppose 0 = 2*j - 3*j. Suppose j*o = o + 2*c - 11, 0 = -4*o + 4*c - 4. Suppose -3*f + 26 = 5*z - 31, o*f - 2*z = 78. List the prime factors of f.
2, 3
Let v = 5 - 2. Let l(x) = -3*x - x**3 + v*x**3 - 6 - x - x**3 - 5*x**2. What are the prime factors of l(6)?
2, 3
Let m(l) be the second derivative of l**5/10 + l**4/6 - l**3/3 + 7*l**2/2 - 6*l. What are the prime factors of m(3)?
73
Let w(f) = f**3 + 21*f**2 - 36*f + 13. List the prime factors of w(-13).
3, 13, 47
Suppose -4031 = 6*k - 23549. What are the prime factors of k?
3253
Let j(q) = q**3 - 5*q**2 + 3*q + 5. Let y be j(4). Let u(f) = f**2 - 16*f + 17. Let c be u(12). Let w = y - c. What are the prime factors of w?
2
Let c be 573/5 + 12/30. Let m(q) = -2*q - 4. Let s be m(-3). Suppose -c = -5*i - 5*h, 4*i + 0*h = -s*h + 90. List the prime factors of i.
2, 11
Let m = -1368 - -2028. Suppose 10*x - m = 470. List the prime factors of x.
113
Suppose -2*i - g = -688, 0 = -4*i - 2*g + 6*g + 1352. List the prime factors of i.
2, 3, 19
Let a(r) = -158*r - 47. List the prime factors of a(-4).
3, 5, 13
Let m(l) = 14*l - 43. Let p(i) = -7*i + 22. Let z(g) = 6*m(g) + 11*p(g). Let a = -8 + 18. List the prime factors of z(a).
2, 3
Let k be 9 + (-2 - 4 - -1). Suppose h + 2*n - 226 = 0, 2*h + h - 688 = k*n. What are the prime factors of h?
2, 3, 19
Suppose -l = 4*x - 11149, -14*l + 11*l = -3. What are the prime factors of x?
3, 929
Suppose -6*x = -0*x - 18. What are the prime factors of (-1 - x) + 138 + -1?
7, 19
Let d be 0 - (4 - 1 - -34). Let r = d - -42. What are the prime factors of r?
5
Let r = -30 + 36. Suppose -r*u = -7*u + 86. List the prime factors of u.
2, 43
Suppose -n - 2*d = -12, -7 = -5*n - 2*d + 21. Suppose 3*r = n*f + 1, 5*r + 9 = 3*f + f. List the prime factors of f/3*(-30)/4.
2, 5
Suppose 4*x - 150 = 2*z, -5*z - x + 2*x - 366 = 0. Let a = 2 - z. List the prime factors of a.
3, 5
Let g(v) = 3*v**2 + 2*v + 1. Let a be g(-3). Suppose 5*m = -2*j - 37 + 123, -m + a = -2*j. What are the prime factors of 134/12 + (-3)/m?
11
Suppose 197 = 3*d - 46. Suppose -4*c - d = -c. Let g = -8 - c. List the prime factors of g.
19
Let p(x) = -278*x. What are the prime factors of p(-2)?
2, 139
Let d(u) = -u**3 + 21*u**2 + 7*u + 76. List the prime factors of d(19).
7, 19
List the prime factors of 2/(-8) + (5193/36 - 1).
11, 13
Let l be 86 - ((0 - 4) + 5). Let q = -35 + l. Suppose -82 = -3*j - 3*w + q, j - 5*w - 68 = 0. List the prime factors of j.
2, 3
Suppose 2*j - 1 = m, -3*j + 0*m - 16 = -5*m. Suppose -j*k + 76 = -k. What are the prime factors of k?
2, 19
Let c(y) = -28*y + 29. List the prime factors of c(-7).
3, 5
Let